?
4058317
What are the prime factors of 1089391?
37, 29443
What are the prime factors of 388838?
2, 23, 79, 107
List the prime factors of 3771755.
5, 13, 58027
What are the prime factors of 565173?
3, 7, 8971
List the prime factors of 502638.
2, 3, 83773
List the prime factors of 608740.
2, 5, 11, 2767
What are the prime factors of 423163?
13, 43, 757
List the prime factors of 1987369.
673, 2953
List the prime factors of 397044.
2, 3, 41, 269
List the prime factors of 30737827.
53, 503, 1153
What are the prime factors of 64681?
71, 911
List the prime factors of 36959947.
67, 131, 4211
What are the prime factors of 295949?
295949
List the prime factors of 247087.
247087
What are the prime factors of 82799?
82799
List the prime factors of 234098.
2, 67, 1747
What are the prime factors of 4775668?
2, 331, 3607
List the prime factors of 740533.
740533
What are the prime factors of 6084090?
2, 3, 5, 67601
List the prime factors of 1292510.
2, 5, 17, 7603
List the prime factors of 22901395.
5, 11, 416389
List the prime factors of 3137016.
2, 3, 23, 5683
List the prime factors of 388667.
67, 5801
What are the prime factors of 171586?
2, 85793
List the prime factors of 2806812.
2, 3, 8663
What are the prime factors of 4545829?
283, 16063
List the prime factors of 354501.
3, 7, 17, 331
What are the prime factors of 415715?
5, 29, 47, 61
List the prime factors of 3994637.
457, 8741
What are the prime factors of 733632?
2, 3, 3821
List the prime factors of 4271778.
2, 3, 7, 3767
What are the prime factors of 12857540?
2, 5, 642877
List the prime factors of 1258700.
2, 5, 41, 307
What are the prime factors of 11777247?
3, 1308583
List the prime factors of 9088694.
2, 523, 8689
What are the prime factors of 114451?
114451
List the prime factors of 556097.
103, 5399
List the prime factors of 12606081.
3, 4202027
List the prime factors of 4320602.
2, 11, 13, 15107
List the prime factors of 3282385.
5, 167, 3931
List the prime factors of 9966621.
3, 7, 19, 24979
What are the prime factors of 4418726?
2, 13, 169951
What are the prime factors of 428732?
2, 107183
What are the prime factors of 1054012?
2, 263503
What are the prime factors of 1624939?
607, 2677
List the prime factors of 496557.
3, 53, 347
What are the prime factors of 396723?
3, 132241
List the prime factors of 4012047.
3, 13, 53, 647
What are the prime factors of 19225781?
293, 65617
List the prime factors of 2142540.
2, 3, 5, 11903
What are the prime factors of 5453993?
199, 27407
What are the prime factors of 5299817?
107, 49531
List the prime factors of 191681.
7, 139, 197
List the prime factors of 4762214.
2, 2381107
List the prime factors of 1857555.
3, 5, 7, 5897
List the prime factors of 113971.
11, 13, 797
List the prime factors of 1672942.
2, 836471
What are the prime factors of 1411972?
2, 107, 3299
List the prime factors of 8694639.
3, 379, 2549
List the prime factors of 3053205.
3, 5, 19, 3571
List the prime factors of 22719622.
2, 11359811
What are the prime factors of 752723?
19, 173, 229
What are the prime factors of 20766261?
3, 6922087
List the prime factors of 5923206.
2, 3, 36563
What are the prime factors of 1990159?
1990159
What are the prime factors of 1580904?
2, 3, 13, 563
List the prime factors of 100130.
2, 5, 17, 19, 31
What are the prime factors of 1321289?
1321289
What are the prime factors of 11680234?
2, 37, 157841
What are the prime factors of 17207198?
2, 19, 452821
List the prime factors of 2447166.
2, 3, 407861
What are the prime factors of 13777524?
2, 3, 382709
List the prime factors of 120531.
3, 40177
List the prime factors of 12379098.
2, 3, 43, 47981
What are the prime factors of 5118634?
2, 43, 53, 1123
List the prime factors of 7650921.
3, 53, 48119
What are the prime factors of 353395?
5, 7, 23, 439
What are the prime factors of 1954869?
3, 7, 93089
List the prime factors of 139751.
29, 61, 79
What are the prime factors of 2890830?
2, 3, 5, 173, 557
List the prime factors of 887710.
2, 5, 88771
List the prime factors of 4591442.
2, 2295721
List the prime factors of 28014.
2, 3, 7, 23, 29
What are the prime factors of 12023175?
3, 5, 160309
List the prime factors of 9555497.
7, 1365071
List the prime factors of 344047.
11, 31277
What are the prime factors of 26201937?
3, 8733979
List the prime factors of 688407.
3, 229469
What are the prime factors of 13109275?
5, 163, 3217
What are the prime factors of 939078?
2, 3, 7, 29, 257
List the prime factors of 748618.
2, 13, 28793
List the prime factors of 543927.
3, 23, 7883
What are the prime factors of 1804943?
7, 19, 41, 331
What are the prime factors of 1020042?
2, 3, 61, 929
What are the prime factors of 471402?
2, 3, 26189
What are the prime factors of 815828?
2, 13, 29, 541
List the prime factors of 1503560.
2, 5, 37589
List the prime factors of 608777.
13, 46829
What are the prime factors of 3842735?
5, 13, 59119
List the prime factors of 1087540.
2, 5, 54377
What are the prime factors of 315466?
2, 157733
List the prime factors of 33516814.
2, 16758407
List the prime factors of 862593.
3, 271, 1061
List the prime factors of 3567388.
2, 11, 81077
List the prime factors of 256085.
5, 51217
List the prime factors of 692989.
11, 73, 863
List the prime factors of 369637.
369637
List the prime factors of 1184580.
2, 3, 5, 6581
What are the prime factors of 9062690?
2, 5, 7, 13, 23, 433
List the prime factors of 613668.
2, 3, 11, 4649
List the prime factors of 1334017.
41, 32537
List the prime factors of 411720.
2, 3, 5, 47, 73
What are the prime factors of 717673?
11, 53, 1231
What are the prime factors of 184633?
184633
What are the prime factors of 1040523?
3, 11, 31531
What are the prime factors of 84219?
3, 67, 419
What are the prime factors of 959660?
2, 5, 13, 3691
What are the prime factors of 538083?
3, 7, 13, 73
List the prime factors of 263272.
2, 32909
What are the prime factors of 6388129?
11, 97, 5987
What are the prime factors of 4325335?
5, 7, 123581
List the prime factors of 32277866.
2, 17, 443, 2143
List the prime factors of 40761965.
5, 29, 281117
List the prime factors of 2288816.
2, 19, 7529
List the prime factors of 259435.
5, 11, 53, 89
What are the prime factors of 1569477?
3, 7, 13, 5749
What are the prime factors of 181898?
2, 103, 883
What are the prime factors of 1053950?
2, 5, 107, 197
List the prime factors of 214785.
3, 5, 37, 43
List the prime factors of 197219.
11, 17929
List the prime factors of 15044.
2, 3761
List the prime factors of 610019.
37, 16487
What are the prime factors of 385638?
2, 3, 11, 5843
List the prime factors of 373531.
71, 5261
What are the prime factors of 992426?
2, 17, 101
What are the prime factors of 3670361?
41, 89521
What are the prime factors of 157793?
157793
List the prime factors of 9287865.
3, 5, 17, 19, 71
What are the prime factors of 1519253?
1519253
What are the prime factors of 22565309?
13, 113, 15361
List the prime factors of 187609.
43, 4363
List the prime factors of 236534.
2, 227, 521
What are the prime factors of 242532?
2, 3, 6737
List the prime factors of 5362015.
5, 967, 1109
List the prime factors of 54561.
3, 13, 1399
List the prime factors of 25954183.
83, 312701
List the prime factors of 370399.
370399
List the prime factors of 311490.
2, 3, 5, 3461
List the prime factors of 27241341.
3, 47, 193201
What are the prime factors of 231884?
2, 29, 1999
List the prime factors of 706772.
2, 11, 16063
What are the prime factors of 13261442?
2, 1201, 5521
What are the prime factors of 3817061?
17, 31, 7243
What are the prime factors of 191163?
3, 7, 9103
List the prime factors of 340332.
2, 3, 79, 359
List the prime factors of 2186517.
3, 728839
List the prime factors of 2972604.
2, 3, 247717
List the prime factors of 1577128.
2, 7, 28163
List the prime factors of 370437.
3, 123479
List the prime factors of 581586.
2, 3, 96931
List the prime factors of 2090.
2, 5, 11, 19
What are the prime factors of 259321?
259321
What are the prime factors of 638524?
2, 159631
What are the prime factors of 47054?
2, 7, 3361
What are the prime factors of 1281141?
3, 283, 503
What are the prime factors of 653216?
2, 137, 149
List the prime factors of 6089533.
6089533
List the prime factors of 1079287.
11, 59, 1663
List the prime factors of 7177